z**2 - 6. Calculate h(11).
-6
Let c(u) = 5*u**2 - 2*u - 6. What is c(3)?
33
Let k(v) = -33*v. What is k(-1)?
33
Let r(q) = -q**2 - 25*q - 35. What is r(-24)?
-11
Let x(f) = f**3 - 10*f**2 - 22*f + 14. Give x(12).
38
Let u(n) = n**2 + 9*n + 17. Give u(-8).
9
Let f(p) = -p**3 - 1. Give f(2).
-9
Let f(x) = 64*x**2 - 2*x + 1. Give f(1).
63
Let v(k) = -6*k**3 - 6*k**2 - k + 2. Calculate v(-2).
28
Let s(m) = m**3 - 10*m**2 + 8*m - 6. Give s(9).
-15
Let r(c) = 38*c + 1. Determine r(-2).
-75
Let s(p) = -p**2 - 52*p - 584. Determine s(-35).
11
Let b(o) = 10*o**2 + 58*o - 4. Calculate b(-6).
8
Let s(u) = -u - 1. Give s(10).
-11
Let q(i) = -i - 17. Determine q(-8).
-9
Let k(i) = -i**2 + 14*i - 15. What is k(13)?
-2
Let c(l) = -3*l - 12. Determine c(-6).
6
Let s(w) = -4*w + 42. Give s(12).
-6
Let t(a) = a**2 + 24*a - 49. Calculate t(-26).
3
Let f(n) = -n**3 - 6*n**2 - 7*n - 12. Give f(-5).
-2
Let p(h) = h**3 - 20*h**2 + 18*h + 38. Determine p(19).
19
Let y(j) = -j**3 + 20*j**2 - j - 8. What is y(20)?
-28
Let i(o) = -o**3 - 4*o**2 + 7*o + 3. Determine i(-5).
-7
Let k(q) = 36*q + 210. What is k(-6)?
-6
Let t(d) = -d**3 + 24*d**2 + 23*d + 7. Determine t(25).
-43
Let c(j) = j**2 - 7*j - 1. Determine c(6).
-7
Let t(o) = 2*o - 7. What is t(-6)?
-19
Let l(b) = -5*b. Give l(-2).
10
Let b(z) = 3*z**3 - 60*z**2 + 58*z - 13. Determine b(19).
6
Let p(d) = 3*d - 2. What is p(2)?
4
Let y(d) = -d**2 + 5*d - 5. Determine y(7).
-19
Let s(i) = -i**3 + 8*i**2 - 15*i - 1. Calculate s(5).
-1
Let i(r) = 3*r**2 - 75*r + 83. Calculate i(24).
11
Let n(l) = 13*l - 3. What is n(-3)?
-42
Let j(v) = -v**3 + 12*v**2 + 2*v - 26. What is j(12)?
-2
Let g(w) = -w**2 - 16*w. Determine g(-8).
64
Let j(b) = -b**3 + 47*b**2 + 51*b - 148. Calculate j(48).
-4
Let f(d) = d**3 + 76*d**2 + 74*d - 82. Calculate f(-75).
-7
Let t(b) = -b**2 + 3*b + 227. Determine t(17).
-11
Let g(v) = -3*v**3 - 2*v**2 + 56*v + 57. Give g(-1).
2
Let u(b) = 2*b - 11. What is u(-6)?
-23
Let m(n) = 25*n**2 + 2*n - 1. Calculate m(1).
26
Let o(g) = -2*g + 8. Determine o(-5).
18
Let s(r) = r. What is s(2)?
2
Let s(z) = z**2 + z + 4. Determine s(-3).
10
Let b(y) = -y**2 + 25*y - 107. Give b(19).
7
Let c(r) = -r**2 + 8*r - 6. Determine c(5).
9
Let n(g) = 2*g**2 + 5*g + 13. Give n(-2).
11
Let b(x) = x**2 + 10*x + 7. What is b(-8)?
-9
Let f(k) = k**2 - 14*k - 6. What is f(10)?
-46
Let p(l) = -9*l**2 + 2*l + 1. Determine p(1).
-6
Let w(x) = -6*x - 19. What is w(-3)?
-1
Let j(p) = 2*p + 12. Calculate j(-8).
-4
Let n(d) = d**2 - 17*d + 12. Determine n(15).
-18
Let d(x) = -x**2 + 60*x - 370. What is d(53)?
1
Let g(q) = q**2 - 4*q - 8. What is g(5)?
-3
Let z(t) = 4*t - 4. Give z(4).
12
Let b(s) = s**3 - 3*s**2 - 4*s - 11. Determine b(5).
19
Let m(j) = j**2 + 17*j + 11. What is m(-10)?
-59
Let y(d) = -8*d**2 + 62*d - 3. What is y(8)?
-19
Let w(c) = c**3 + 5*c**2 + 5*c + 6. Calculate w(-4).
2
Let t(d) = -d**2 + 9*d - 8. Give t(5).
12
Let t(l) = l**2 - 16*l + 14. Give t(17).
31
Let c(k) = k**3 - 8*k**2 - 10*k + 21. Calculate c(9).
12
Let l(b) = -b**2 - 8*b + 12. Determine l(-10).
-8
Let g(h) = -2*h**2 - 20*h - 4. Give g(-11).
-26
Let d(k) = -k**3 - 12*k**2 - 11*k + 1. Give d(-10).
-89
Let t(n) = n**3 - n**2 - n + 1. What is t(-2)?
-9
Let i(x) = 19*x + 40. What is i(-2)?
2
Let i(z) = z**2 - 4*z - 5. What is i(11)?
72
Let l(b) = 13*b**3 + b - 1. Calculate l(1).
13
Let g(k) = -11*k - 1. What is g(-1)?
10
Let o(h) = 10*h - 29. Determine o(4).
11
Let s(k) = -18*k**2. What is s(1)?
-18
Let l(i) = i**2 + 7*i. Calculate l(-6).
-6
Let s(p) = -p**2 - 5*p + 17. Calculate s(-7).
3
Let j(a) = a**3 + 7*a**2 + 8*a - 8. Give j(-4).
8
Let y(t) = t**2 - 12*t - 1. Calculate y(11).
-12
Let w(a) = 2*a**3 - a**2 - 3. Determine w(-2).
-23
Let u(c) = 18*c**2 + 4*c + 5. Determine u(-1).
19
Let d(t) = -2*t**3 + 4*t**2 - 4*t - 2. Calculate d(2).
-10
Let l(u) = -u**2 + 12*u - 20. What is l(6)?
16
Let l(t) = -10*t + 113. Determine l(11).
3
Let b(n) = n**3 - 16*n**2 + 15*n + 11. What is b(15)?
11
Let k(i) = i**3 - 12*i**2 - 9*i + 106. What is k(12)?
-2
Let d(v) = -v**3 - 7*v**2 - 2*v - 17. Calculate d(-7).
-3
Let u(c) = c + 46. Determine u(0).
46
Let o(a) = -a**3 - 11*a**2 + 11*a - 8. Calculate o(-12).
4
Let b(t) = t**2 + 5*t + 5. Determine b(-3).
-1
Let d(o) = 6*o**2 + 4*o - 4. What is d(1)?
6
Let d(r) = 11*r**2 - 1. Calculate d(-1).
10
Let a(q) = q + 49. Give a(0).
49
Let r(o) = -4*o - 48. Determine r(-13).
4
Let i(x) = -3*x + 12. Calculate i(9).
-15
Let v(x) = 6*x - 16. Determine v(7).
26
Let m(w) = 19*w + 4. Give m(-1).
-15
Let f(d) = 132*d - 403. Give f(3).
-7
Let m(c) = -6*c + 49. What is m(9)?
-5
Let c(u) = 2*u - 27. Determine c(12).
-3
Let q(k) = -k**3 + 2*k**2 + 2*k + 36. What is q(0)?
36
Let m(b) = b**2 + 43*b + 225. What is m(-37)?
3
Let n(u) = 2*u - 4. Determine n(-4).
-12
Let u(q) = 2*q**2 + 25*q + 57. Determine u(-2).
15
Let x(g) = 40*g + 248. Calculate x(-6).
8
Let g(l) = -3*l**2 + 7*l - 5. Calculate g(4).
-25
Let x(l) = l**2 + 10*l + 6. Give x(-8).
-10
Let f(c) = -c**3 + 3*c**2 - c + 2. Give f(3).
-1
Let k(j) = -j**3 - 10*j**2 - 10*j - 4. Give k(-9).
5
Let c(o) = -22*o - 6. Calculate c(-2).
38
Let p(a) = a**3 - 4*a**2 + a - 2. What is p(4)?
2
Let g(k) = -k**3 - 5*k**2 + 2*k + 7. What is g(-6)?
31
Let z(g) = 9*g + 228. What is z(-25)?
3
Let n(j) = j**3 + 5*j**2 - 2*j. Determine n(-5).
10
Let b(d) = -d**3 + 10*d**2 - 4*d - 21. Determine b(9).
24
Let t(u) = -74*u**3 - u**2 - u - 1. Give t(-1).
73
Let i(v) = -3*v - 16. What is i(-6)?
2
Let b(d) = -d**2 - 18*d - 59. Calculate b(-13).
6
Let s(a) = 7*a**2 + 3*a + 1. What is s(-1)?
5
Let c(y) = -12*y**2 - y - 1. Calculate c(2).
-51
Let q(h) = -h**2 + 70*h + 704. Determine q(-9).
-7
Let p(k) = -3*k**2 - 12*k + 1. Give p(-4).
1
Let d(c) = -c**3 + 3*c**2 - 1. Determine d(-2).
19
Let i(v) = v**2 + 14. What is i(0)?
14
Let h(a) = a**3 + 3*a**2 - 18*a + 4. Determine h(-6).
4
Let k(u) = u**2 + 16*u + 38. What is k(-7)?
-25
Let r(s) = 3*s**2 - 17*s - 57. What is r(-6)?
153
Let l(r) = -r**3 + 11*r**2 + 5*r + 41. Calculate l(12).
-43
Let d(t) = t**2 - 6*t - 1. Give d(3).
-10
Let u(c) = -c**3 - 11*c**2 + 10*c - 14. Calculate u(-12).
10
Let u(k) = -23*k - 34. Give u(5).
-149
Let i(s) = -8*s - 73. Give i(-12).
23
Let l(f) = -17*f - 10. What is l(-4)?
58
Let o(m) = -m**3 + 8*m**2 - 8*m + 5. Determine o(7).
-2
Let l(b) = -5*b - 66. Determine l(-15).
9
Let s(u) = -2*u + 3. What is s(5)?
-7
Let w(c) = c**2 - 10*c + 14. Calculate w(10).
14
Let i(f) = -2*f**2 + 24*f + 55. Determine i(14).
-1
Let c(g) = -4*g - 10. Determine c(5).
-30
Let z(n) = n**2 - 11*n + 7. What is z(10)?
-3
Let z(w) = -w**3 - 11*w**2 - 24*w - 53. Determine z(-9).
1
Let l(c) = 3*c - 6. Give l(3).
3
Let q(n) = -4*n**3 + 10*n**2 + 4*n + 1. Give q(3).
-5
Let t(y) = 6*y**2 + 23*y + 4. Determine t(-3).
-11
Let d(j) = j**2 + 18*j + 44. Give d(-3).
-1
Let r(s) = 5*s**3 + s**2 - s + 1. Give r(1).
6
Let z(o) = -14*o - 91. Determine z(10).
-231
Let l(z) = -z**3 + 6*z**2 - 3*z - 9. Determine l(5).
1
Let l(c) = c**2 + 5*c - 7. Determine l(-9).
29
Let w(f) = -f**3 + 4*f**2 + 4*f + 5. Determine w(5).
0
Let q(m) = -13*m - 4. What is q(-1)?
9
Let f(d) = d**3 + 5*d**2 + 3*d. Calculate f(-4).
4
Let c(o) = -o**3 + 16*o**2 + 10*o - 29. Calculate c(17).
-148
Let q(g) = 3*g + 11. Give q(-6).
-7
Let d(l) = 2*l**3 + 6*l**2 - 83*l + 14. Determine d(5).
-1
Let s(a) = 2*a**2 - 6*a + 5. Determine s(5).
25
Let j(u) = -17*u + 173. Determine j(10).
3
Let f(i) = -i**2 - 3*i + 66. What is f(7)?
-4
Let s(i) = -i + 7. Determine s(4).
3
Let f(w) = -8*w + 29. Give f(4).
-3
Let c(z) = 3*z**2 + 7*z + 5. What is c(-4)?
25
Let j(m) = -m**3 + 8*m**2 + 10. Give j(8).
10
Let u(i) = i**3 - 11*i**2 - 24*i - 29. Calculate u(13).
-3
Let f(j) = 7*j**3 - j**2 - 13*j + 13. Give f(1).
6
Let f(x) = 49*x + 94. Calculate f(-2).
-4
Let j(b) = -3*b + 3. Determine j(3).
-6
Let i(x) = 7*x - 49. Determine i(7).
0
Let x(p) = 12*p**2 - 77*p - 5. What is x(6)?
-35
Let a(k) = -6*k + 3. Determine a(-7).
45
Let r(p) = -p**2 + 6*p + 9. Give r(10).
-31
Let j(f) = f + 20. Calculate j(-15).
5
Let r(b) = -7*b + 141. Determine r(21).
-6
Let u(v) = v**3 + 36*v**2 - 74*v + 14. Calculate u(-38).
-62
Let b(k) = 3*k - 3. Give b(4).
9
Let a(v) = -v + 4. Calculate a(12).
-8
Let p(c) = -c**3 - 8*c**2 + 23*c + 18. Determine p(-10)